uppose 3*r - 45 = 5*o - 0, r - 15 = 3*o. Suppose -r*j = -4*j - 22. Is 1154/8*(6 - j) composite?
False
Suppose 3*a = 4*v + 78063, 9*v = 5*a + 4*v - 130105. Is a a prime number?
True
Let o(b) = 95*b**2 + 15*b - 38. Let k(m) = -96*m**2 - 14*m + 37. Let l(r) = 3*k(r) + 4*o(r). Is l(3) prime?
False
Suppose n - 13 = 4*f, -3*n + 2 = 5*f - 3. Let p(o) = 209*o - 26. Let s(z) = -105*z + 13. Let b(t) = n*s(t) + 3*p(t). Is b(13) composite?
True
Let n(l) = -1085*l + 81. Let u be n(-15). Let d = u - 11378. Let w = d + -609. Is w prime?
False
Let r = 137768 - 28891. Is r a prime number?
True
Suppose -3*h + 6*h = 3*a + 21, 0 = -5*a - 5*h - 45. Let m = a - -13. Suppose 25 = -m*i, i = -5*d + 5940 + 300. Is d a composite number?
False
Suppose -8*n = -28 + 4. Let t(s) = n*s**3 + 10*s + 7*s - 29 + 21*s**2 - 15*s - 4*s**3. Is t(15) a prime number?
False
Suppose 0 = 2*s - 971 - 523. Suppose 104 = 27*x - 4. Suppose 0*o + 8 = x*o, -o = 5*p - s. Is p composite?
False
Suppose -845 - 83848 = -7*p. Suppose -4*i = 31*h - 33*h - 16130, -3*i + p = -h. Is i composite?
True
Let w(y) = 3*y**2 + 24*y - 65. Let n be w(-19). Let q = -465 + n. Is q composite?
False
Is (-525242)/(-6)*(-13)/(-104)*24 composite?
False
Suppose -3*b = -0*i - 3*i - 24, 4*b + 5*i - 5 = 0. Let t(o) = b*o**2 + o**3 - 3*o**3 - 3*o + o - 7 - 3*o. Is t(-6) prime?
False
Let o(d) be the first derivative of 7*d + 22 - 9/2*d**4 + 4/3*d**3 - 6*d**2. Is o(-5) a prime number?
True
Let m = -118 - -122. Suppose 4*q + 5754 = m*l - 2*l, 0 = -5*l - q + 14396. Is l composite?
False
Let r(b) be the third derivative of -1/24*b**4 - 18*b**2 + 1/30*b**5 + 0*b - 1/6*b**3 + 1/20*b**6 + 0. Is r(1) a prime number?
False
Let i = -8 - -12. Let s(x) = 151*x**2 + 12*x + 97. Let l be s(-5). Suppose -536 - l = -i*w. Is w prime?
True
Let g(h) = -5027*h + 1332. Is g(-7) composite?
True
Let b(u) be the first derivative of 45*u**2 - 133*u - 37. Is b(9) a composite number?
False
Is ((-4)/40)/(31/(-52917310)) composite?
False
Is (15/(-45) - 3/9)/((-2)/33837) prime?
True
Suppose -2*j = 5*i - 46, -5*i + 27 = 5*j - 28. Suppose 3*r - i*r + 2930 = 0. Suppose -2*s + 2*l + r = -3*l, -879 = -3*s - l. Is s a composite number?
False
Let z(y) = 51595*y + 11233. Is z(42) prime?
True
Let v(r) = 377*r**2 + 17*r + 149. Is v(14) prime?
True
Let t(m) be the second derivative of -909*m**5/10 - m**4/12 - 2*m**3/3 - 2*m**2 - m. Let y(c) = -38*c - 457. Let p be y(-12). Is t(p) a prime number?
False
Let x = -44499 - -72622. Is x a composite number?
False
Let a = -4702 + 2810. Let y = a - -3351. Is y composite?
False
Suppose o + 20 + 2 = 0. Let y(h) = -67*h + 11*h**2 + 6*h**2 + 17*h**2 - 35*h**2 - 23. Is y(o) prime?
True
Let f = 364966 - 170405. Is f a prime number?
False
Let k(s) = 3*s - 14. Let j(y) = 3*y - 13. Let u(a) = 4*j(a) - 5*k(a). Let q(t) = -6*t + 37. Let i(c) = -4*q(c) + 9*u(c). Is i(-15) a composite number?
False
Suppose -440*r = -441*r + 21. Let i(j) = 1297*j - 58. Is i(r) a prime number?
True
Let v = -4273 - -6173. Suppose -3*u - v = 4*h, -7 = -2*h - 5*u - 943. Let f = 689 + h. Is f composite?
False
Let c(q) = -3 - 3 - 2043*q + 11 - 3. Is c(-3) composite?
False
Let c(x) = -x**2 + x. Let p(j) = -116*j**2 - 8*j + 3. Let f(g) = 5*c(g) + p(g). Let b(t) be the first derivative of f(t). Is b(-2) a prime number?
False
Suppose 124*j - 1688640 = -172*j - 184*j. Is j a prime number?
False
Suppose 677*s - 673*s + 3076 = 0. Let u = s + 935. Is u composite?
True
Let v be (-118)/4*(-29 - -5). Let q = v + -377. Is q composite?
False
Let o = -2528 + 8643. Is o prime?
False
Let h(f) = 293*f**2 + 10*f + 20. Let s be h(-2). Suppose 6*r + 3*k - 702 = 3*r, 5*r + 3*k - s = 0. Is r composite?
True
Let h(q) = 53467*q - 2638. Is h(5) prime?
True
Suppose -q - 4*l + 20 = q, 3*l - 4 = 4*q. Suppose -a - q*c = -1553, 3*a - 2463 = 2*c + 2228. Is a composite?
True
Let n be ((-70)/(-22) - (-12)/(-66)) + -2. Is 98630/140*n/1*2 composite?
False
Let r = 621 - 599. Is 92091/21 + r/(-77) prime?
False
Let g(x) = 27*x**2 - 10*x + 17. Suppose 0 = 2*i - 2*k + 2 - 84, -47 = -2*i - 5*k. Suppose -5*n = 5*z - 10, 4*z - 4 = 4*n + i. Is g(z) a prime number?
True
Suppose -5*g - 138310 = -5*z, 11*g = -4*z + 6*g + 110603. Let a = 44146 - z. Is a a prime number?
False
Let s = -64859 - -117220. Is s composite?
False
Let s(y) = -y**3 + 10*y**2 + 19*y - 24. Let o be s(14). Let g = o + 1454. Suppose -g + 8627 = 5*v. Is v composite?
False
Let c be -2 + (-28)/(-13) + 648/351. Is 6523/c + ((-63)/6)/(-7) composite?
True
Let x be ((-18)/(-45))/(1/(-10)). Let r be ((-1 - x/6) + 2)*3. Suppose -4*s = 2*a - 6932, -4*s + 8211 = r*a + 1291. Is s composite?
True
Suppose 42*n + 24 = 30*n. Let j(f) = -11*f + 33. Is j(n) a composite number?
True
Let x(c) = c**2 - 8*c + 12. Let v be x(7). Is (17/(-4))/(((-30)/4584)/v) a prime number?
False
Suppose 991989 + 83390 = 6*x - 1046167. Is x composite?
True
Let a(j) = 34*j**2 + 52*j - 3693. Is a(109) a composite number?
True
Suppose -44*y + 82 = -46*y. Is 9672/2 - (y - -46) composite?
False
Let v(o) = -1272*o**3 + 9*o**2 + 53*o + 325. Is v(-7) composite?
True
Let l(z) = -z**3 + 26*z**2 - 28*z + 70. Let o be l(25). Is (-6)/135*o - 32774/(-18) a composite number?
True
Let c = 54 + -52. Let b be ((-2)/(-2)*-2)/((-1)/c). Is (658/4)/(2/b) a prime number?
False
Let n(i) = -2*i**3 - 23*i**2 - 64*i + 31. Is n(-30) a prime number?
True
Let b = 46502 + 52577. Is b a composite number?
False
Suppose -117468 = -4*z + 3*r - 4*r, 0 = -3*z - r + 88101. Let o = z - 19780. Is o a composite number?
False
Suppose 4*s - 7*s = -3, 3*f - 3*s - 53214 = 0. Let y = f + -12101. Is y prime?
False
Suppose -5*t = 4*u - 153142 - 41807, 5*u + 194940 = 5*t. Is t a composite number?
True
Let n be 9995/(-6 - -5) - -6. Let l = -6396 - n. Is l composite?
False
Is 3546033/18 + 1 + (-8)/(-48) a composite number?
False
Let k(h) = 7606*h**3 - 6*h**2 + 5*h - 10. Let s(d) = 7606*d**3 - 7*d**2 + 5*d - 12. Let l(o) = 5*k(o) - 4*s(o). Is l(1) prime?
True
Let c be 150/20*12392/5. Let o = c - 8033. Is o prime?
False
Let l = 60931 - 10098. Is l a composite number?
False
Is (72445/15*2)/(8/84) a composite number?
True
Suppose 34863 = 38*j - 41*j. Is j*1*((-1 - 5) + 5) a prime number?
True
Let y(a) = a + 7. Let k be y(-1). Suppose -k*w + 8182 = -4*w. Is w a prime number?
True
Suppose 16744 = d - 8360 - 36149. Is d prime?
True
Suppose 0*j - d + 36276 = 5*j, -j = -4*d - 7272. Suppose s - 5*p - j = 0, -5*s + 25582 = -p - 10722. Is s a prime number?
False
Let l = -163 + 155. Is (-11 - l) + 12610/1 prime?
False
Suppose 20843 = 3*f + x, 239*f + 27784 = 243*f - 2*x. Is f a composite number?
False
Is 44677 - (4 + 3*4/(-18)*15) prime?
True
Suppose 22470 = -5*o - 5*h, -o - h - 4502 = -4*h. Let n = o - -6313. Is n prime?
False
Let w = -372402 + 576985. Is w a composite number?
False
Let r = -1864 - -569. Let n = r - -2443. Is n*4/8*(-2)/(-4) prime?
False
Let r(t) = 2*t - 4. Let x be r(3). Suppose 35 = 3*w + 2*d - 259, -x*w - 4*d = -204. Is -2 - (1 - (w + 2)) composite?
True
Suppose 2*n = -2*h + 43553 + 75591, -4*n - 36 = 0. Is h a composite number?
False
Let j be (6243/2 - 0)*(29 - 23). Suppose -4*h - 1501 = -j. Is h a composite number?
True
Suppose 321723 = -9*p - 12*p + 30*p. Is p composite?
False
Let h(j) = 63*j**3 + 8*j**2 - 17*j + 45. Let l be h(8). Let d = l - 18188. Is d a composite number?
False
Suppose -1038 = 8*t + 10874. Suppose 6*o + 5409 - 18027 = 0. Let z = t + o. Is z composite?
True
Let s(o) = 6*o**3 + 13*o**2 + 5*o + 13. Let f be s(12). Let m = f - 7236. Is m a prime number?
True
Is 66/6 + 3416*315/14 composite?
False
Suppose -z - 5321958 = -0*z - 7*z. Is z a prime number?
True
Suppose -34*r + 78*r - 28*r = 1788784. Is r a prime number?
True
Is (43282/268 + (-16 - 0))/(3/17606) a prime number?
False
Suppose 5*b + 2*d = 2083520 + 1497693, -4*d = b - 716221. Is b a composite number?
True
Let i(y) = 362*y**2 - y - 108. Let r be i(-7). Suppose -4*q - 3*t - 4084 = -r, 5*t = 3*q - 10172. Is q a prime number?
True
Let r(n) = -n + 0 + 0 - n + 20. Let y be r(8). Suppose -4*a = y*c - 792, 0*c - 807 = -4*a + c. Is a a composite number?
True
Let f = -1150279 + 1759494. Is f prime?
False
Is (-8)/(-52) - (2/(-14) - (-16748435220)/(-5005)) a composite number?
True
Let a = 276554 - 73963. Is a a composite number?
False
Let f(l) be th